{"id":1439,"date":"2025-09-18T19:35:47","date_gmt":"2025-09-18T19:35:47","guid":{"rendered":"https:\/\/arponambiental.com.ar\/?post_type=product&#038;p=1439"},"modified":"2025-09-18T19:55:03","modified_gmt":"2025-09-18T19:55:03","slug":"trampa-de-luz-industrial","status":"publish","type":"product","link":"https:\/\/arpon.com.ar\/ambiental\/productos\/repelentes-trampas-y-jaulas\/trampa-de-luz-industrial\/","title":{"rendered":"TRAMPA DE LUZ INDUSTRIAL"},"content":{"rendered":"<p>El vector funciona por un lado, con la luz que emiten los tubos atrayendo las moscas o insectos voladores peque\u00f1os. Por otro lado, la placa pegamentosa act\u00faa adhiriendo los insectos a la misma. \u00c9sta combinaci\u00f3n permite que los insectos permanezcan pegados y la zona de trabajo y permanencia limpia.<\/p>\n","protected":false},"excerpt":{"rendered":"<p>Especificaciones:\u00a0 Doble\/Tubos<br \/>\nTipo de Tubo:\u00a0 2 x 15 watt<br \/>\nDimensiones del Modelo 480 x 290 x 75 mm<br \/>\nPeso: 4.20 kg<br \/>\nArranque Electr\u00f3nico<br \/>\nMaterial Chasis de Zintex<br \/>\nPintura Epoxi Blanco<br \/>\nDimensiones de Placas Adhesivas 25 x 42.8<br \/>\nMontado en Pared:\u00a0 SI<br \/>\n\u00c1reas de Uso:\u00a0 Casas, Restaurantes, Oficinas Fabricas, Supermercados,<br \/>\nHoteles, etc. lugares expuestos Cocinas, etc.,para la<br \/>\na la concurrencia de personas protecci\u00f3n de grandes<br \/>\ny \u00e1reas de comida. \u00e1reas de producci\u00f3n.<\/p>\n<p>COBERTURA DE CONTROL:\u00a0 60 M2<\/p>\n<p>&nbsp;<\/p>\n","protected":false},"featured_media":1444,"template":"","meta":{"_joinchat":[]},"product_brand":[],"product_cat":[36,33],"product_tag":[],"rubro":[],"problematica":[107,111,112],"class_list":{"0":"post-1439","1":"product","2":"type-product","3":"status-publish","4":"has-post-thumbnail","6":"product_cat-linea-ecologica-y-feromonas","7":"product_cat-repelentes-trampas-y-jaulas","8":"problematica-control-de-insectos-en-industrias","9":"problematica-control-de-moscas","10":"problematica-control-de-mosquitos","12":"first","13":"instock","14":"shipping-taxable","15":"product-type-simple"},"yoast_head":"<!-- This site is optimized with the Yoast SEO plugin v26.3 - https:\/\/yoast.com\/wordpress\/plugins\/seo\/ -->\n<title>TRAMPA DE LUZ INDUSTRIAL - Arpon Divisi\u00f3n Ambiental<\/title>\n<meta name=\"robots\" content=\"index, follow, max-snippet:-1, max-image-preview:large, max-video-preview:-1\" \/>\n<link rel=\"canonical\" href=\"https:\/\/arpon.com.ar\/ambiental\/productos\/repelentes-trampas-y-jaulas\/trampa-de-luz-industrial\/\" \/>\n<meta property=\"og:locale\" content=\"es_ES\" \/>\n<meta property=\"og:type\" content=\"article\" \/>\n<meta property=\"og:title\" content=\"TRAMPA DE LUZ INDUSTRIAL - Arpon Divisi\u00f3n Ambiental\" \/>\n<meta property=\"og:description\" content=\"Especificaciones:\u00a0 Doble\/Tubos Tipo de Tubo:\u00a0 2 x 15 watt Dimensiones del Modelo 480 x 290 x 75 mm Peso: 4.20 kg Arranque Electr\u00f3nico Material Chasis de Zintex Pintura Epoxi Blanco Dimensiones de Placas Adhesivas 25 x 42.8 Montado en Pared:\u00a0 SI \u00c1reas de Uso:\u00a0 Casas, Restaurantes, Oficinas Fabricas, Supermercados, Hoteles, etc. lugares expuestos Cocinas, etc.,para la a la concurrencia de personas protecci\u00f3n de grandes y \u00e1reas de comida. \u00e1reas de producci\u00f3n.  COBERTURA DE CONTROL:\u00a0 60 M2  &nbsp;\" \/>\n<meta property=\"og:url\" content=\"https:\/\/arpon.com.ar\/ambiental\/productos\/repelentes-trampas-y-jaulas\/trampa-de-luz-industrial\/\" \/>\n<meta property=\"og:site_name\" content=\"Arpon Divisi\u00f3n Ambiental\" \/>\n<meta property=\"article:modified_time\" content=\"2025-09-18T19:55:03+00:00\" \/>\n<meta property=\"og:image\" content=\"https:\/\/arpon.com.ar\/ambiental\/wp-content\/uploads\/2025\/09\/WhatsApp-Image-2025-09-18-at-16.44.42.jpeg\" \/>\n\t<meta property=\"og:image:width\" content=\"1600\" \/>\n\t<meta property=\"og:image:height\" content=\"1138\" \/>\n\t<meta property=\"og:image:type\" content=\"image\/jpeg\" \/>\n<meta name=\"twitter:card\" content=\"summary_large_image\" \/>\n<meta name=\"twitter:label1\" content=\"Tiempo de lectura\" \/>\n\t<meta name=\"twitter:data1\" content=\"1 minuto\" \/>\n<script type=\"application\/ld+json\" class=\"yoast-schema-graph\">{\"@context\":\"https:\/\/schema.org\",\"@graph\":[{\"@type\":\"WebPage\",\"@id\":\"https:\/\/arpon.com.ar\/ambiental\/productos\/repelentes-trampas-y-jaulas\/trampa-de-luz-industrial\/\",\"url\":\"https:\/\/arpon.com.ar\/ambiental\/productos\/repelentes-trampas-y-jaulas\/trampa-de-luz-industrial\/\",\"name\":\"TRAMPA DE LUZ INDUSTRIAL - Arpon Divisi\u00f3n Ambiental\",\"isPartOf\":{\"@id\":\"https:\/\/arponambiental.com.ar\/#website\"},\"primaryImageOfPage\":{\"@id\":\"https:\/\/arpon.com.ar\/ambiental\/productos\/repelentes-trampas-y-jaulas\/trampa-de-luz-industrial\/#primaryimage\"},\"image\":{\"@id\":\"https:\/\/arpon.com.ar\/ambiental\/productos\/repelentes-trampas-y-jaulas\/trampa-de-luz-industrial\/#primaryimage\"},\"thumbnailUrl\":\"https:\/\/arpon.com.ar\/ambiental\/wp-content\/uploads\/2025\/09\/WhatsApp-Image-2025-09-18-at-16.44.42.jpeg\",\"datePublished\":\"2025-09-18T19:35:47+00:00\",\"dateModified\":\"2025-09-18T19:55:03+00:00\",\"breadcrumb\":{\"@id\":\"https:\/\/arpon.com.ar\/ambiental\/productos\/repelentes-trampas-y-jaulas\/trampa-de-luz-industrial\/#breadcrumb\"},\"inLanguage\":\"es\",\"potentialAction\":[{\"@type\":\"ReadAction\",\"target\":[\"https:\/\/arpon.com.ar\/ambiental\/productos\/repelentes-trampas-y-jaulas\/trampa-de-luz-industrial\/\"]}]},{\"@type\":\"ImageObject\",\"inLanguage\":\"es\",\"@id\":\"https:\/\/arpon.com.ar\/ambiental\/productos\/repelentes-trampas-y-jaulas\/trampa-de-luz-industrial\/#primaryimage\",\"url\":\"https:\/\/arpon.com.ar\/ambiental\/wp-content\/uploads\/2025\/09\/WhatsApp-Image-2025-09-18-at-16.44.42.jpeg\",\"contentUrl\":\"https:\/\/arpon.com.ar\/ambiental\/wp-content\/uploads\/2025\/09\/WhatsApp-Image-2025-09-18-at-16.44.42.jpeg\",\"width\":1600,\"height\":1138},{\"@type\":\"BreadcrumbList\",\"@id\":\"https:\/\/arpon.com.ar\/ambiental\/productos\/repelentes-trampas-y-jaulas\/trampa-de-luz-industrial\/#breadcrumb\",\"itemListElement\":[{\"@type\":\"ListItem\",\"position\":1,\"name\":\"Portada\",\"item\":\"https:\/\/arpon.com.ar\/ambiental\/\"},{\"@type\":\"ListItem\",\"position\":2,\"name\":\"Productos\",\"item\":\"https:\/\/arpon.com.ar\/ambiental\/productos\/\"},{\"@type\":\"ListItem\",\"position\":3,\"name\":\"TRAMPA DE LUZ INDUSTRIAL\"}]},{\"@type\":\"WebSite\",\"@id\":\"https:\/\/arponambiental.com.ar\/#website\",\"url\":\"https:\/\/arponambiental.com.ar\/\",\"name\":\"Arpon Divisi\u00f3n Ambiental\",\"description\":\"\",\"publisher\":{\"@id\":\"https:\/\/arponambiental.com.ar\/#organization\"},\"potentialAction\":[{\"@type\":\"SearchAction\",\"target\":{\"@type\":\"EntryPoint\",\"urlTemplate\":\"https:\/\/arponambiental.com.ar\/?s={search_term_string}\"},\"query-input\":{\"@type\":\"PropertyValueSpecification\",\"valueRequired\":true,\"valueName\":\"search_term_string\"}}],\"inLanguage\":\"es\"},{\"@type\":\"Organization\",\"@id\":\"https:\/\/arponambiental.com.ar\/#organization\",\"name\":\"Arpon Divisi\u00f3n Ambiental\",\"url\":\"https:\/\/arponambiental.com.ar\/\",\"logo\":{\"@type\":\"ImageObject\",\"inLanguage\":\"es\",\"@id\":\"https:\/\/arponambiental.com.ar\/#\/schema\/logo\/image\/\",\"url\":\"https:\/\/arponambiental.com.ar\/wp-content\/uploads\/2019\/08\/arpon-ambiental3.png\",\"contentUrl\":\"https:\/\/arponambiental.com.ar\/wp-content\/uploads\/2019\/08\/arpon-ambiental3.png\",\"width\":798,\"height\":332,\"caption\":\"Arpon Divisi\u00f3n Ambiental\"},\"image\":{\"@id\":\"https:\/\/arponambiental.com.ar\/#\/schema\/logo\/image\/\"}}]}<\/script>\n<!-- \/ Yoast SEO plugin. -->","yoast_head_json":{"title":"TRAMPA DE LUZ INDUSTRIAL - Arpon Divisi\u00f3n Ambiental","robots":{"index":"index","follow":"follow","max-snippet":"max-snippet:-1","max-image-preview":"max-image-preview:large","max-video-preview":"max-video-preview:-1"},"canonical":"https:\/\/arpon.com.ar\/ambiental\/productos\/repelentes-trampas-y-jaulas\/trampa-de-luz-industrial\/","og_locale":"es_ES","og_type":"article","og_title":"TRAMPA DE LUZ INDUSTRIAL - Arpon Divisi\u00f3n Ambiental","og_description":"Especificaciones:\u00a0 Doble\/Tubos Tipo de Tubo:\u00a0 2 x 15 watt Dimensiones del Modelo 480 x 290 x 75 mm Peso: 4.20 kg Arranque Electr\u00f3nico Material Chasis de Zintex Pintura Epoxi Blanco Dimensiones de Placas Adhesivas 25 x 42.8 Montado en Pared:\u00a0 SI \u00c1reas de Uso:\u00a0 Casas, Restaurantes, Oficinas Fabricas, Supermercados, Hoteles, etc. lugares expuestos Cocinas, etc.,para la a la concurrencia de personas protecci\u00f3n de grandes y \u00e1reas de comida. \u00e1reas de producci\u00f3n.  COBERTURA DE CONTROL:\u00a0 60 M2  &nbsp;","og_url":"https:\/\/arpon.com.ar\/ambiental\/productos\/repelentes-trampas-y-jaulas\/trampa-de-luz-industrial\/","og_site_name":"Arpon Divisi\u00f3n Ambiental","article_modified_time":"2025-09-18T19:55:03+00:00","og_image":[{"width":1600,"height":1138,"url":"https:\/\/arpon.com.ar\/ambiental\/wp-content\/uploads\/2025\/09\/WhatsApp-Image-2025-09-18-at-16.44.42.jpeg","type":"image\/jpeg"}],"twitter_card":"summary_large_image","twitter_misc":{"Tiempo de lectura":"1 minuto"},"schema":{"@context":"https:\/\/schema.org","@graph":[{"@type":"WebPage","@id":"https:\/\/arpon.com.ar\/ambiental\/productos\/repelentes-trampas-y-jaulas\/trampa-de-luz-industrial\/","url":"https:\/\/arpon.com.ar\/ambiental\/productos\/repelentes-trampas-y-jaulas\/trampa-de-luz-industrial\/","name":"TRAMPA DE LUZ INDUSTRIAL - Arpon Divisi\u00f3n Ambiental","isPartOf":{"@id":"https:\/\/arponambiental.com.ar\/#website"},"primaryImageOfPage":{"@id":"https:\/\/arpon.com.ar\/ambiental\/productos\/repelentes-trampas-y-jaulas\/trampa-de-luz-industrial\/#primaryimage"},"image":{"@id":"https:\/\/arpon.com.ar\/ambiental\/productos\/repelentes-trampas-y-jaulas\/trampa-de-luz-industrial\/#primaryimage"},"thumbnailUrl":"https:\/\/arpon.com.ar\/ambiental\/wp-content\/uploads\/2025\/09\/WhatsApp-Image-2025-09-18-at-16.44.42.jpeg","datePublished":"2025-09-18T19:35:47+00:00","dateModified":"2025-09-18T19:55:03+00:00","breadcrumb":{"@id":"https:\/\/arpon.com.ar\/ambiental\/productos\/repelentes-trampas-y-jaulas\/trampa-de-luz-industrial\/#breadcrumb"},"inLanguage":"es","potentialAction":[{"@type":"ReadAction","target":["https:\/\/arpon.com.ar\/ambiental\/productos\/repelentes-trampas-y-jaulas\/trampa-de-luz-industrial\/"]}]},{"@type":"ImageObject","inLanguage":"es","@id":"https:\/\/arpon.com.ar\/ambiental\/productos\/repelentes-trampas-y-jaulas\/trampa-de-luz-industrial\/#primaryimage","url":"https:\/\/arpon.com.ar\/ambiental\/wp-content\/uploads\/2025\/09\/WhatsApp-Image-2025-09-18-at-16.44.42.jpeg","contentUrl":"https:\/\/arpon.com.ar\/ambiental\/wp-content\/uploads\/2025\/09\/WhatsApp-Image-2025-09-18-at-16.44.42.jpeg","width":1600,"height":1138},{"@type":"BreadcrumbList","@id":"https:\/\/arpon.com.ar\/ambiental\/productos\/repelentes-trampas-y-jaulas\/trampa-de-luz-industrial\/#breadcrumb","itemListElement":[{"@type":"ListItem","position":1,"name":"Portada","item":"https:\/\/arpon.com.ar\/ambiental\/"},{"@type":"ListItem","position":2,"name":"Productos","item":"https:\/\/arpon.com.ar\/ambiental\/productos\/"},{"@type":"ListItem","position":3,"name":"TRAMPA DE LUZ INDUSTRIAL"}]},{"@type":"WebSite","@id":"https:\/\/arponambiental.com.ar\/#website","url":"https:\/\/arponambiental.com.ar\/","name":"Arpon Divisi\u00f3n Ambiental","description":"","publisher":{"@id":"https:\/\/arponambiental.com.ar\/#organization"},"potentialAction":[{"@type":"SearchAction","target":{"@type":"EntryPoint","urlTemplate":"https:\/\/arponambiental.com.ar\/?s={search_term_string}"},"query-input":{"@type":"PropertyValueSpecification","valueRequired":true,"valueName":"search_term_string"}}],"inLanguage":"es"},{"@type":"Organization","@id":"https:\/\/arponambiental.com.ar\/#organization","name":"Arpon Divisi\u00f3n Ambiental","url":"https:\/\/arponambiental.com.ar\/","logo":{"@type":"ImageObject","inLanguage":"es","@id":"https:\/\/arponambiental.com.ar\/#\/schema\/logo\/image\/","url":"https:\/\/arponambiental.com.ar\/wp-content\/uploads\/2019\/08\/arpon-ambiental3.png","contentUrl":"https:\/\/arponambiental.com.ar\/wp-content\/uploads\/2019\/08\/arpon-ambiental3.png","width":798,"height":332,"caption":"Arpon Divisi\u00f3n Ambiental"},"image":{"@id":"https:\/\/arponambiental.com.ar\/#\/schema\/logo\/image\/"}}]}},"_links":{"self":[{"href":"https:\/\/arpon.com.ar\/ambiental\/wp-json\/wp\/v2\/product\/1439","targetHints":{"allow":["GET"]}}],"collection":[{"href":"https:\/\/arpon.com.ar\/ambiental\/wp-json\/wp\/v2\/product"}],"about":[{"href":"https:\/\/arpon.com.ar\/ambiental\/wp-json\/wp\/v2\/types\/product"}],"wp:featuredmedia":[{"embeddable":true,"href":"https:\/\/arpon.com.ar\/ambiental\/wp-json\/wp\/v2\/media\/1444"}],"wp:attachment":[{"href":"https:\/\/arpon.com.ar\/ambiental\/wp-json\/wp\/v2\/media?parent=1439"}],"wp:term":[{"taxonomy":"product_brand","embeddable":true,"href":"https:\/\/arpon.com.ar\/ambiental\/wp-json\/wp\/v2\/product_brand?post=1439"},{"taxonomy":"product_cat","embeddable":true,"href":"https:\/\/arpon.com.ar\/ambiental\/wp-json\/wp\/v2\/product_cat?post=1439"},{"taxonomy":"product_tag","embeddable":true,"href":"https:\/\/arpon.com.ar\/ambiental\/wp-json\/wp\/v2\/product_tag?post=1439"},{"taxonomy":"rubro","embeddable":true,"href":"https:\/\/arpon.com.ar\/ambiental\/wp-json\/wp\/v2\/rubro?post=1439"},{"taxonomy":"problematica","embeddable":true,"href":"https:\/\/arpon.com.ar\/ambiental\/wp-json\/wp\/v2\/problematica?post=1439"}],"curies":[{"name":"wp","href":"https:\/\/api.w.org\/{rel}","templated":true}]}}